)/(-68)). Let p = r + -13. What is the tens digit of p?
2
Suppose 2026 = c + 2006. What is the tens digit of c?
2
Suppose 0 = 29*z - 30*z - 37. Let g = z - -62. What is the units digit of g?
5
Let y = -1146 + 2499. What is the hundreds digit of y?
3
Let l(x) = 9*x + 9. What is the tens digit of l(15)?
4
Let k(g) = 13*g**3 + 33*g**2 + 40*g + 65. Let b(a) = -3*a**3 - 8*a**2 - 10*a - 16. Let d(m) = 9*b(m) + 2*k(m). What is the units digit of d(-6)?
6
Let d(g) = -g**3 + 2*g**2 - 2*g + 3. Let n be d(0). Suppose 8*w - n*w = 440. What is the tens digit of w?
8
Suppose 7*l = 609 + 1428. What is the tens digit of l?
9
Let n = 14128 + -4943. Suppose 3*l - z - n = 0, 3*z = -10 - 5. What is the units digit of (-4)/5 + l/75?
0
Suppose i = -4*g - 72, i - 4*i - 181 = 5*g. What is the tens digit of i*-1*(1 + 0)?
5
Suppose -14*h + 27278 + 5678 = 0. What is the units digit of h?
4
Let q(b) be the first derivative of -b**4/4 - 8*b**3/3 - 2*b**2 + 13*b - 3. Let u be q(-9). Suppose 4*o + 14 = u. What is the tens digit of o?
2
Let b(l) = -l**2 + 9*l + 1. Let k be b(8). Let i = 11 + k. What is the units digit of i - (-2 + 2 - 1)?
1
Let t = -55 - -55. Suppose 316 = 4*s - t*s. What is the tens digit of s?
7
Let j(v) = -5*v + 11 + 8 + 18*v - v. What is the units digit of j(11)?
1
Let j = -2 - -4. What is the units digit of -2 + 87/j - 3/6?
1
What is the hundreds digit of (-2)/(-4) + -2 + (-1836)/(-8)?
2
Let b = 1 - -1. Let f be -1*(40/4)/(-1). Suppose -j = -b*j + f. What is the tens digit of j?
1
Suppose -16*c + 15*c + 4*a = -237, 1005 = 4*c + 3*a. What is the units digit of c?
9
Let s be (204/16)/3 + 2/(-8). What is the tens digit of s/(-6) + 460/6?
7
Let z(n) = 41*n. Let l(d) = d**3 + 3*d**2 - 2*d - 2. Let r be l(-3). Let f be z(r). Suppose 2*a + 2*a = 4*i - f, -i + 2*a = -44. What is the tens digit of i?
3
Let g(o) = -o. Let q(y) = -y**2 - 10*y - 19. Let c(z) = 2*g(z) - q(z). What is the units digit of c(-5)?
4
Let l = 54 - 52. Suppose -2*n - n = 0, 258 = l*i - n. What is the units digit of i?
9
Let q(f) = 188*f - 28. What is the hundreds digit of q(3)?
5
Let u(z) = -61*z - 266. What is the tens digit of u(-38)?
5
Let y(h) = 5*h**2 + 8*h + 47. What is the hundreds digit of y(-6)?
1
Let d be (-82)/(-41)*(0 - (1 - 6)). Let z(g) = g**2 + 9*g + 3. Let m be z(-9). Suppose -t = -d - m. What is the units digit of t?
3
Suppose -29*x = -33*x + 10548. What is the units digit of x?
7
Let w be (80/60)/(4/6). Let n(j) = 8*j**2 - 2*j + 3. Let g(t) = 8*t**2 - 2*t + 2. Let o(y) = 3*g(y) - 2*n(y). What is the units digit of o(w)?
8
Let v be (-1 - -1)/(5*5/25). Suppose -470 = -2*n - 5*x + 28, v = x - 2. What is the units digit of n?
4
Let w be -2*2/(-2 + 26/15). What is the tens digit of (134/6)/(5/w)?
6
Let q be 8/(-3)*6/4. What is the tens digit of (-8)/6*234/q?
7
Suppose y + 5*o - 430 = -4*y, 4*y - 3*o - 309 = 0. Suppose g - y = -2*g + 3*i, -i = -3*g + 91. What is the tens digit of g?
3
What is the hundreds digit of -6 + 1 - ((-5130)/6 + 0)?
8
Let i be (0 + 1/(-2))*6. What is the units digit of ((-15)/i + -4)/((-2)/(-220))?
0
Let y(l) = -l**2 + 16*l - 10. Let x be y(15). Suppose -4*n - 4 = -x*n. What is the units digit of 1 + -3 + (7 - n)?
1
Let j(g) = -15 - 9 + 21 - g. Let i be j(-7). Suppose i*z + z = 135. What is the tens digit of z?
2
Let u(d) = d - 10. Let c be u(10). Suppose 7 = -c*n + n. Suppose -2*b = 4*a - 118, 2*a = -4*b + n*a + 275. What is the tens digit of b?
6
Let q = 45 + -19. Suppose 2*a - 3*x = 25, 4*a = 3*x + q + 39. Suppose 3*b - 16 = -4*o, -2*b - o + a = 1. What is the tens digit of b?
1
Let j = 732 - 415. What is the tens digit of j?
1
Suppose -4*k - k - 35 = -3*j, 4 = -4*k. Suppose -j*x = -14*x + 584. Suppose -5*t + 2*i + x = 0, 0 = 3*t - 8*t - 5*i + 160. What is the units digit of t?
0
Let f(d) = -11*d**2 + 12*d + 14. Let g = 10 - 18. Let i(s) = 4*s**2 - 4*s - 5. Let u(w) = g*i(w) - 3*f(w). What is the tens digit of u(8)?
3
Let y(d) = -d - 9. Let l be y(-14). Suppose 44 = -4*g + l*g. Suppose 4*v - g = 2*v. What is the tens digit of v?
2
Suppose 4*x = -x + 3*w + 28, 12 = 3*x + 3*w. Suppose -9*s = -4*s + x. Let o = 5 - s. What is the units digit of o?
6
Let r(k) = -101*k + 54. What is the units digit of r(-10)?
4
Suppose -4*s - 5*n - 163 = -8*s, -4 = -4*n. What is the tens digit of s?
4
Let v = 7 - 128. Suppose -3*i - m - 15 = 162, -4*i - 2*m - 234 = 0. Let x = i - v. What is the units digit of x?
1
Suppose 4*c - c - 15 = 0. Suppose c*m - 502 = -47. What is the units digit of m?
1
Suppose -12 = -5*t + t. Let m be 3 + (4 - t/1). What is the tens digit of (42/m)/(1/2)?
2
Let z(g) = 8*g**3 + g**2 + 2*g - 6. Let l(x) = 8*x**3 + x**2 + x - 5. Let i(p) = -3*l(p) + 2*z(p). What is the units digit of i(-2)?
1
Let t = -3049 - -4625. What is the tens digit of t?
7
Let q(z) = 21*z - 1. Let b be q(1). Suppose g - 5*y + 20 = 0, -y - b = -5*y. What is the units digit of g?
5
Suppose 0 = -3*j + 2356 - 640. What is the units digit of j?
2
Suppose 7*t - 3*t = 0. Suppose t = c + 14 - 5. Let f = 3 - c. What is the tens digit of f?
1
Suppose 9*u - 16*u = -70. What is the tens digit of u?
1
Let x(t) = 12*t**3 + 4*t**2 - 4. Let l be x(-2). Let o = -2 - l. What is the tens digit of o?
8
Let y be (-2 + -4)/2 + 3. Suppose 3*o + 47 = -4*h, 5*o - 3*h + 24 + 35 = y. Let p = o - -40. What is the tens digit of p?
2
Let j be -1*(3 + -3 - 0). Let z = j + 7. What is the units digit of z?
7
What is the hundreds digit of (-856)/(9/15*4/(-6))?
1
What is the tens digit of (-610945)/(-171) + 4*1/18?
7
Let d be 804/(-8) + (-1)/(-2). Let o be (-4)/18 + d/(-45). Suppose i - 9 = -o*c - 0*c, -i + 7 = c. What is the units digit of i?
5
Suppose -2*y + 379 = -5*b - 677, -4*y + 4*b + 2100 = 0. What is the hundreds digit of y?
5
Let q be (-155)/(-20) - (-1)/4. Suppose 3*t - q = -5*l, -3*t + 18 = -t - 3*l. Let i(b) = b**3 - 5*b**2 - 5*b + 5. What is the units digit of i(t)?
1
Suppose 59 = d + 59. Suppose d = 4*i - 208 - 160. What is the tens digit of i?
9
Let o(s) = s**3 + 1. Let a(i) = i**3 - 6*i**2 + 3*i + 2. Let b(z) = a(z) - 2*o(z). Let n = 34 + -41. What is the units digit of b(n)?
8
Let t = -44 - -196. What is the units digit of t?
2
Let k = 6 + -16. Let f be 2/(2 + 160/(-78)). Let n = k - f. What is the units digit of n?
9
Suppose -3*f = -5*j + 1835, -2498 = -5*j + 4*f - 658. What is the units digit of j?
4
Suppose -3*t = u - 13, t + 2*u - 1 = -0*u. Suppose 5*b + 214 - 675 = -3*j, 479 = t*b - 3*j. What is the tens digit of b?
9
Suppose -5*j - 4*s - 36 = -101, 3*s = 2*j - 3. Let f = -20 + j. Let t = f - -31. What is the units digit of t?
0
Let p = -12 + 12. Suppose 2*b - 4*o + o = 57, 4*b - 2*o - 126 = p. What is the tens digit of b?
3
Suppose 3*c - 778 = -l, -4*c + 753 = l - 6*c. What is the units digit of l?
3
Suppose 0 = 4*x + b - 3, 0*b - 4*b = 4. What is the units digit of 365/(2 + 3) + x?
4
Suppose 11 = 4*f - 9. Let q(o) = -3*o + 2*o - 17 - 3*o - f*o. What is the units digit of q(-8)?
5
Let d(x) be the first derivative of x**2 + 84*x - 52. What is the units digit of d(-29)?
6
Let f(x) = 150*x + 3. What is the units digit of f(1)?
3
Let r = 20 + 171. What is the units digit of r?
1
Suppose -429 = -5*q + 3196. What is the units digit of q?
5
Let y be ((-4)/(-2))/2*5. Suppose 3*n + 2*n + 3*v = 774, 302 = 2*n + y*v. What is the hundreds digit of n?
1
Let y = -5 - -9. Suppose -188 = -5*l + 3*b, 3*l - y*b - 10 = 94. What is the units digit of l?
0
Suppose 3*x = 6*x - 84. Let m(w) = w**2 + 12*w + 10. Let c be m(-10). Let k = c + x. What is the units digit of k?
8
Suppose -2*n + 5 = -1. Suppose 2 = -4*w - 0*w + 2*y, 0 = 3*y + n. What is the units digit of w/(-4) - (-99)/36?
3
Let m = 72 + 191. What is the units digit of m + 1 + -4 - -4?
4
Suppose -3*l = 15, 5*x = 7*l - 3*l + 4155. What is the hundreds digit of x?
8
Let b(u) = 17*u**3 - 18*u**2 - 23*u + 222. What is the units digit of b(7)?
0
What is the hundreds digit of (-3)/(-18) - 11337/(-18)?
6
Suppose 0 = 4*w + 4*j + 48, 14 = -4*w + 4*j - 2. Let d = 51 + w. What is the tens digit of d?
4
Suppose 917*f - 34290 = 907*f. What is the hundreds digit of f?
4
Let u = 8711 - 4407. What is the units digit of u?
4
Let w(f) = -1 + 0 + 58*f**2 + 2*f - 3*f**2 - f. What is the tens digit of w(1)?
5
Let w = -32 - -37. Suppose -285 = -w*a + 70. What is the ten